te number?
False
Is 1857703 composite?
True
Is 181008031 composite?
True
Is 44304949 a composite number?
True
Is 322667339 prime?
False
Is 551232485 composite?
True
Is 13883413 a prime number?
True
Is 4085911 a prime number?
False
Is 83498063 prime?
False
Is 29757529 composite?
True
Is 3299471 prime?
False
Is 3053456227 composite?
False
Is 47520307 a prime number?
True
Is 218339743 composite?
True
Is 4618391 a composite number?
False
Is 245049583 a composite number?
False
Is 56730553 a composite number?
True
Is 85003917 prime?
False
Is 7050853 a prime number?
False
Is 32162239 a prime number?
False
Is 578699 prime?
False
Is 88169 a composite number?
False
Is 37944289 prime?
False
Is 42067706 prime?
False
Is 15070811 a prime number?
False
Is 57679711 composite?
False
Is 189525863 prime?
False
Is 1861219 a prime number?
True
Is 648841 a composite number?
False
Is 126941 a composite number?
True
Is 757651 a prime number?
True
Is 60301829 a prime number?
False
Is 19023149 a composite number?
False
Is 11199401 composite?
True
Is 67446109 a prime number?
True
Is 745277 composite?
True
Is 273558997 prime?
False
Is 23260109 prime?
False
Is 109444429 prime?
True
Is 1595047 composite?
False
Is 220707833 a composite number?
True
Is 2811761 composite?
False
Is 1887967 composite?
False
Is 10901237 composite?
False
Is 26544407 a prime number?
True
Is 469013453 composite?
True
Is 629548321 prime?
True
Is 14515329 a composite number?
True
Is 3280855 a composite number?
True
Is 344473741 composite?
False
Is 9066181 a composite number?
False
Is 6781939 a composite number?
False
Is 39845167 composite?
False
Is 84066959 prime?
True
Is 1134137 a prime number?
True
Is 1540559 composite?
False
Is 17382691 prime?
False
Is 113258611 a composite number?
True
Is 2087831 a composite number?
False
Is 3250301 a prime number?
True
Is 89465021 a composite number?
False
Is 274811 composite?
False
Is 50842619 prime?
True
Is 543577351 composite?
False
Is 126491518 composite?
True
Is 885617 a prime number?
False
Is 226713 composite?
True
Is 34698307 a prime number?
False
Is 94566649 a composite number?
True
Is 5852501 prime?
True
Is 123631 prime?
True
Is 24281 prime?
True
Is 5085187 composite?
False
Is 434407339 composite?
False
Is 68441 a prime number?
False
Is 40030069 a prime number?
True
Is 53435783 a composite number?
True
Is 100618049 a prime number?
False
Is 113738501 prime?
False
Is 1960757 composite?
True
Is 948169 composite?
False
Is 877313 a prime number?
True
Is 22009711 composite?
False
Is 613549 a prime number?
True
Is 123491967 prime?
False
Is 7281623 a prime number?
False
Is 7796611 composite?
False
Is 47389963 a prime number?
False
Is 120301057 prime?
False
Is 73316255 a composite number?
True
Is 12138047 composite?
False
Is 147677 a composite number?
True
Is 20597179 a prime number?
False
Is 54005617 prime?
False
Is 5807981 composite?
False
Is 27148749 a prime number?
False
Is 41304283 prime?
False
Is 32342171 prime?
True
Is 139616581 composite?
True
Is 189984259 composite?
False
Is 182017 composite?
True
Is 9936007 a composite number?
True
Is 4673605 composite?
True
Is 246467733 prime?
False
Is 68311 a prime number?
True
Is 21814433 prime?
True
Is 145693879 a composite number?
False
Is 203075245 a prime number?
False
Is 1620353 a composite number?
True
Is 112807201 prime?
False
Is 93977 a composite number?
True
Is 974003 prime?
True
Is 59838503 composite?
True
Is 3127561 a prime number?
True
Is 37794413 composite?
False
Is 8377501 prime?
False
Is 4578547 a composite number?
False
Is 24010537 composite?
True
Is 28023971 composite?
False
Is 4617149 a prime number?
False
Is 2412899 a composite number?
False
Is 137324687 a composite number?
False
Is 32575507 a composite number?
False
Is 3488057 composite?
False
Is 82311653 a composite number?
False
Is 30883319 composite?
True
Is 2530597 prime?
True
Is 15758957 prime?
False
Is 841289 prime?
True
Is 8528501 composite?
True
Is 1377577 a composite number?
False
Is 5045734 composite?
True
Is 1970581 a composite number?
False
Is 68887606 prime?
False
Is 48157 composite?
False
Is 61121 a prime number?
True
Is 65294473 a composite number?
False
Is 50884871 a composite number?
False
Is 8508121 composite?
True
Is 213417181 a prime number?
True
Is 335613035 a composite number?
True
Is 1943563 composite?
True
Is 9302897 prime?
True
Is 14778887 prime?
True
Is 11862527 a prime number?
True
Is 3532019 prime?
True
Is 93931115 a composite number?
True
Is 474701629 a prime number?
False
Is 7574629 a composite number?
True
Is 7556287 a composite number?
False
Is 3385399 a prime number?
True
Is 130983955 composite?
True
Is 4953446 a prime number?
False
Is 56044313 a prime number?
False
Is 34291963 a prime number?
True
Is 15906745 composite?
True
Is 184409 composite?
False
Is 4119623 a composite number?
False
Is 13821949 a prime number?
False
Is 7972571 prime?
False
Is 131441971 a composite number?
False
Is 55944587 prime?
True
Is 32181509 composite?
True
Is 20023459 a composite number?
False
Is 497689 a prime number?
True
Is 158031199 prime?
True
Is 474799 a composite number?
True
Is 24846869 a composite number?
True
Is 2256781 a composite number?
False
Is 8767169 prime?
True
Is 230946959 a composite number?
False
Is 4738057 a composite number?
False
Is 29404757 a prime number?
True
Is 3525929 prime?
False
Is 11625239 prime?
False
Is 39900977 a prime number?
False
Is 3208559 a composite number?
False
Is 11562623 composite?
False
Is 172704199 composite?
False
Is 65709591 a prime number?
False
Is 115979359 composite?
False
Is 3672677 prime?
True
Is 448177129 composite?
False
Is 204914053 a composite number?
True
Is 7374091 composite?
True
Is 982291 composite?
True
Is 4406797 a prime number?
True
Is 1024838 a composite number?
True
Is 1485853 composite?
False
Is 9597119 composite?
True
Is 3101089 a composite number?
True
Is 10915181 prime?
False
Is 205394729 a prime number?
True
Is 1670611 a prime number?
False
Is 70266359 prime?
True
Is 5538161 a composite number?
False
Is 74701441 composite?
True
Is 133610149 prime?
False
Is 6809147 composite?
True
Is 2673899 a prime number?
True
Is 97325183 prime?
True
Is 134779163 composite?
False
Is 2138093 a composite number?
False
Is 2468105 a prime number?
False
Is 365567 a composite number?
False
Is 3103649 composite?
False
Is 34128065 prime?
False
Is 3095557 composite?
False
Is 613307 prime?
False
Is 100027259 prime?
False
Is 42539554 prime?
False
Is 237022327 a composite number?
False
Is 1076963 a prime number?
False
Is 4045501 a prime number?
True
Is 7915049 composite?
False
Is 13724903 prime?
True
Is 31408373 a composite number?
True
Is 1352171 prime?
True
Is 105754139 prime?
False
Is 6697013 prime?
False
Is 46359463 prime?
False
Is 28106077 prime?
True
Is 152170805 composite?
True
Is 513184421 a prime number?
False
Is 808837 a prime number?
True
Is 4809427 a prime number?
False
Is 55897837 prime?
True
Is 1575923 prime?
False
Is 1484849 composite?
False
Is 13919491 composite?
False
Is 186088229 a prime number?
True
Is 154466051 a prime number?
False
Is 43741783 a composite number?
False
Is 13691149 a composite number?
False
Is 1103279 prime?
True
Is 7094617 a prime number?
False
Is 632632789 a composite number?
False
Is 1418611 prime?
True
Is 15171011 a composite number?
True
Is 431122919 prime?
False
Is 53912579 prime?
False
Is 98648681 prime?
False
Is 879887413 a prime number?
False
Is 132217 composite?
True
Is 2787581 composite?
True
Is 1043011 composite?
False
Is 13233767 composite?
True
Is 46777309 composite?
False
Is 21180227 a composite number?
False
Is 30810487 composite?
False
Is 1495231 composite?
False
Is 73517281 composite?
True
Is 1257122 composite?
True
Is 17173201 a prime number?
False
Is 4477013 a composite number?
False
Is 6884027 composite?
False
Is 79193593 a composite number?
True
Is 2168051 prime?
True
Is 7515589 prime?
False
Is 29132063 a composite number?
False
Is 168876941 prime?
True
Is 146339 composite?
True
Is 71584231 composite?
False
Is 270376243 prime?
False
Is 95478793 a composite number?
False
Is 4480379 composite?
False
Is 6585473 a composite number?
False
Is 1593490451 composite?
True
Is 4820269 composite?
False
Is 74190349 composite?
False
Is 1124338 